en 531644 is divided by 23.
22
Calculate the remainder when 1517825 is divided by 1321.
1317
What is the remainder when 114890 is divided by 11488?
10
Calculate the remainder when 31988 is divided by 2490.
2108
What is the remainder when 23064 is divided by 79?
75
Calculate the remainder when 51388 is divided by 38.
12
What is the remainder when 4125 is divided by 3?
0
Calculate the remainder when 8099 is divided by 82.
63
What is the remainder when 4328557 is divided by 47?
45
Calculate the remainder when 73041 is divided by 14604.
21
What is the remainder when 17500 is divided by 1093?
12
Calculate the remainder when 1137662 is divided by 2222.
2220
What is the remainder when 2044 is divided by 5?
4
What is the remainder when 52798 is divided by 1148?
1138
Calculate the remainder when 567 is divided by 139.
11
Calculate the remainder when 37095 is divided by 36.
15
What is the remainder when 4790 is divided by 257?
164
What is the remainder when 22621 is divided by 90?
31
Calculate the remainder when 162517 is divided by 497.
495
Calculate the remainder when 3796609 is divided by 273.
271
What is the remainder when 156307 is divided by 191?
69
What is the remainder when 4351 is divided by 206?
25
What is the remainder when 115438 is divided by 675?
13
What is the remainder when 456501 is divided by 69?
66
Calculate the remainder when 23841 is divided by 19.
15
What is the remainder when 1660 is divided by 56?
36
Calculate the remainder when 438911 is divided by 1852.
1839
Calculate the remainder when 3704 is divided by 132.
8
Calculate the remainder when 202824 is divided by 305.
304
What is the remainder when 1761165 is divided by 22?
21
Calculate the remainder when 16477 is divided by 72.
61
What is the remainder when 20186 is divided by 384?
218
Calculate the remainder when 155391 is divided by 661.
56
What is the remainder when 104660 is divided by 1745?
1705
What is the remainder when 2269 is divided by 152?
141
What is the remainder when 573 is divided by 266?
41
What is the remainder when 544564 is divided by 923?
917
Calculate the remainder when 2612 is divided by 18.
2
Calculate the remainder when 8618 is divided by 2123.
126
What is the remainder when 6767 is divided by 110?
57
What is the remainder when 6994 is divided by 2238?
280
Calculate the remainder when 28257 is divided by 144.
33
Calculate the remainder when 2481 is divided by 2391.
90
Calculate the remainder when 10745 is divided by 2353.
1333
What is the remainder when 9769 is divided by 273?
214
Calculate the remainder when 9274 is divided by 157.
11
What is the remainder when 7136745 is divided by 2378913?
6
What is the remainder when 17104 is divided by 8540?
24
What is the remainder when 77216 is divided by 38599?
18
Calculate the remainder when 3208776 is divided by 9.
6
What is the remainder when 182613 is divided by 36513?
48
What is the remainder when 15865 is divided by 127?
117
Calculate the remainder when 22739 is divided by 1624.
3
What is the remainder when 486263 is divided by 96?
23
What is the remainder when 28301 is divided by 205?
11
What is the remainder when 8119 is divided by 1310?
259
Calculate the remainder when 3080192 is divided by 357.
353
Calculate the remainder when 26392 is divided by 880.
872
What is the remainder when 311925 is divided by 73?
69
Calculate the remainder when 2870904 is divided by 1052.
1048
Calculate the remainder when 38345 is divided by 408.
401
What is the remainder when 4249 is divided by 578?
203
Calculate the remainder when 2189 is divided by 728.
5
What is the remainder when 728 is divided by 143?
13
Calculate the remainder when 1508119 is divided by 436.
431
What is the remainder when 1679010 is divided by 63?
60
What is the remainder when 1256 is divided by 166?
94
What is the remainder when 2394 is divided by 14?
0
What is the remainder when 2711 is divided by 207?
20
Calculate the remainder when 51487 is divided by 490.
37
What is the remainder when 47560 is divided by 243?
175
Calculate the remainder when 25940 is divided by 17.
15
Calculate the remainder when 1310685 is divided by 492.
489
What is the remainder when 16762 is divided by 1011?
586
Calculate the remainder when 134375 is divided by 19183.
94
Calculate the remainder when 11675 is divided by 59.
52
Calculate the remainder when 147446 is divided by 1239.
5
Calculate the remainder when 110198 is divided by 95.
93
What is the remainder when 1687 is divided by 1408?
279
Calculate the remainder when 32140 is divided by 277.
8
Calculate the remainder when 8281 is divided by 993.
337
What is the remainder when 2745 is divided by 34?
25
Calculate the remainder when 141549 is divided by 70772.
5
Calculate the remainder when 186162 is divided by 315.
312
What is the remainder when 5656 is divided by 118?
110
Calculate the remainder when 142214 is divided by 94.
86
Calculate the remainder when 74174 is divided by 215.
214
Calculate the remainder when 1451 is divided by 232.
59
What is the remainder when 2180294 is divided by 26?
12
Calculate the remainder when 4094 is divided by 297.
233
Calculate the remainder when 9790 is divided by 4892.
6
Calculate the remainder when 1126291 is divided by 125142.
13
What is the remainder when 4117 is divided by 85?
37
Calculate the remainder when 354 is divided by 154.
46
What is the remainder when 245705 is divided by 69?
65
What is the remainder when 865 is divided by 25?
15
Calculate the remainder when 56829 is divided by 15.
9
What is the remainder when 150041 is divided by 105?
101
Calculate the remainder when 3985 is divided by 1317.
34
What is the remainder when 3842447 is divided by 23?
21
Calculate the remainder when 24545 is divided by 3506.
3
Calculate the remainder when 103996 is divided by 394.
374
Calculate the remainder when 1154 is divided by 579.
575
What is the remainder when 4127 is divided by 245?
207
What is the remainder when 2186 is divided by 2141?
45
Calculate the remainder when 17724 is divided by 3.
0
Calculate the remainder when 4433445 is divided by 24.
21
Calculate the remainder when 11524 is divided by 1643.
23
Calculate the remainder when 295 is divided by 147.
1
What is the remainder when 1326 is divided by 492?
342
What is the remainder when 6092 is divided by 26?
8
Calculate the remainder when 809990 is divided by 53.
44
Calculate the remainder when 195363 is divided by 1320.
3
Calculate the remainder when 4454 is divided by 132.
98
Calculate the remainder when 387 is divided by 95.
7
What is the remainder when 21257 is divided by 49?
40
Calculate the remainder when 4214 is divided by 1282.
368
What is the remainder when 373743 is divided by 116?
107
What is the remainder when 25434 is divided by 154?
24
What is the remainder when 190120 is divided by 20?
0
Calculate the remainder when 2953 is divided by 1216.
521
What is the remainder when 1634 is divided by 248?
146
Calculate the remainder when 21437 is divided by 21430.
7
What is the remainder when 15302 is divided by 463?
23
Calculate the remainder when 5535 is divided by 29.
25
Calculate the remainder when 33980 is divided by 175.
30
What is the remainder when 405373 is divided by 375?
373
Calculate the remainder when 77339 is divided by 57.
47
What is the remainder when 16753 is divided by 56?
9
What is the remainder when 3274 is divided by 233?
12
Calculate the remainder when 446215 is divided by 94.
91
What is the remainder when 765100 is divided by 4554?
28
Calculate the remainder when 664366 is divided by 332180.
6
Calculate the remainder when 5130 is divided by 321.
315
What is the remainder when 3149 is divided by 936?
341
What is the remainder when 989 is divided by 99?
98
What is the remainder when 31062 is divided by 797?
776
What is the remainder when 17532 is divided by 393?
240
What is the remainder when 2634 is divided by 46?
12
What is the remainder when 78930 is divided by 298?
258
What is the remainder when 6708 is divided by 838?
4
What is the remainder when 27509 is divided by 89?
8
Calculate the remainder when 82308 is divided by 6329.
31
Calculate the remainder when 2952 is divided by 1472.
8
What is the remainder when 46889 is divided by 243?
233
Calculate the remainder when 1599731 is divided by 4833.
8
Calc